87. What is m(3)?
284
Let j(c) = -c**3 - 30*c**2 - 22*c - 539. Give j(-30).
121
Let m(s) = -224*s + 1335. Calculate m(6).
-9
Let o(x) = x**3 + 72*x**2 - 79*x + 36. What is o(-73)?
474
Let f(q) = -q**3 - 10*q**2 + 8*q + 56. Give f(-11).
89
Let n(x) = -3*x**3 + 7*x**2 + 9*x - 42. What is n(3)?
-33
Let n(v) = 174*v - 194. Calculate n(1).
-20
Let g(t) = 3*t**2 + 91*t + 679. What is g(-15)?
-11
Let a(b) = 10*b - 754. What is a(45)?
-304
Let k(v) = 25*v + 150. Give k(-6).
0
Let n(y) = -y**3 - 27*y**2 - 38*y + 248. Determine n(-25).
-52
Let r(z) = 25*z - 1576. Determine r(63).
-1
Let u(h) = -h**3 - 12*h**2 + 33*h - 145. What is u(-15)?
35
Let r(j) = 4*j**3 + 202*j**2 - 263*j - 8203. Determine r(-51).
8
Let l(g) = 37*g + 54. What is l(7)?
313
Let l(i) = -3*i**2 - 3*i + 178. Determine l(0).
178
Let j(o) = 23*o**2 - 160*o + 135. What is j(6)?
3
Let g(j) = -2*j**2 - 188*j - 1513. Determine g(-85).
17
Let q(y) = y**2 + 47*y + 158. Calculate q(-39).
-154
Let w(f) = 4*f**3 + 17*f**2 + 12*f + 30. Determine w(-4).
-2
Let j(w) = 18*w**2 - 511*w + 668. Give j(27).
-7
Let d(z) = z**3 + 45*z**2 - 146*z - 7. Determine d(-48).
89
Let y(d) = -10*d**2 + 240*d + 18807. What is y(-33)?
-3
Let j(c) = 22*c + 1354. What is j(-63)?
-32
Let j(l) = -52*l + 629. Determine j(12).
5
Let g(t) = t**3 + 33*t**2 + 62*t. Give g(-31).
0
Let n(l) = 255*l + 4666. Determine n(-17).
331
Let s(y) = 152*y + 3641. Give s(-24).
-7
Let y(b) = b**3 + 29*b**2 - 317*b - 783. What is y(-37)?
-6
Let w(d) = 2*d**3 + 187*d**2 - 95*d - 80. What is w(-94)?
14
Let c(p) = -4*p**2 - 98*p - 91. Give c(-9).
467
Let k(p) = p**2 - 57*p + 674. Determine k(41).
18
Let h(y) = -y**2 - 99*y + 523. What is h(5)?
3
Let z(c) = -11*c**2 - 112*c + 47. Calculate z(-11).
-52
Let n(o) = -7*o**2 + 161*o - 7. Give n(23).
-7
Let b(k) = k**3 + 8*k**2 + 20*k + 113. What is b(-7)?
22
Let v(l) = -l**3 + 40*l**2 - 31*l - 351. Calculate v(39).
-39
Let h(r) = 107*r - 125. Calculate h(2).
89
Let s(z) = 2*z**3 + 70*z**2 + 130*z + 2109. Calculate s(-34).
1
Let f(m) = -56*m**2 - 16*m - 4. Calculate f(-3).
-460
Let c(y) = -y**2 + 14*y - 64. What is c(5)?
-19
Let u(m) = -118*m + 106. Give u(1).
-12
Let f(j) = 5900*j - 35405. Determine f(6).
-5
Let i(c) = c**2 + 60*c + 609. What is i(-17)?
-122
Let s(h) = 36*h**3 - 75*h**2 - 2*h + 6. Give s(2).
-10
Let t(o) = o**2 + 5*o - 35. Calculate t(-11).
31
Let r(a) = 53*a + 74. What is r(-3)?
-85
Let s(t) = -t**3 - 8*t**2 - 3*t + 50. Give s(-6).
-4
Let p(k) = 3*k**3 - 33*k**2 - 45*k + 4. What is p(11)?
-491
Let z(o) = -20*o**2 + 151*o + 37. Determine z(8).
-35
Let p(c) = 10335*c + 41372. Give p(-4).
32
Let f(y) = -4847*y - 58164. Give f(-12).
0
Let d(a) = -490*a - 446. Calculate d(-1).
44
Let y(q) = 13*q**3 - 2*q**2 - 4*q - 11. Calculate y(-2).
-115
Let y(f) = -3*f**2 + 249*f + 1596. What is y(89)?
-6
Let h(x) = -61*x**3 - 3*x**2. Calculate h(-1).
58
Let r(s) = s**3 - 13*s**2 + 43*s + 3. Give r(9).
66
Let d(b) = b**3 - 29*b**2 - 34*b + 2919. Determine d(26).
7
Let s(i) = 164*i - 7848. What is s(48)?
24
Let h(l) = 22*l + 22. Determine h(-6).
-110
Let m(z) = -63*z - 556. Give m(-8).
-52
Let f(z) = -2*z**3 + 104*z**2 + 108*z - 125. Calculate f(53).
-19
Let j(i) = 295*i - 9132. Give j(31).
13
Let p(q) = q**3 + 3*q**2 - 5*q - 96. Calculate p(-7).
-257
Let m(l) = 38*l + 14. Calculate m(2).
90
Let z(n) = 77*n - 9467. What is z(123)?
4
Let q(p) = 5*p - 59. Calculate q(-9).
-104
Let o(d) = d**2 - 1069*d + 15792. Give o(15).
-18
Let b(l) = -3*l**2 - 45*l + 120. What is b(-18)?
-42
Let s(u) = -14*u**2 + 5*u + 4. Calculate s(-1).
-15
Let w(s) = -44*s - 2776. Calculate w(-61).
-92
Let d(j) = j**3 - 12*j**2 - 12*j - 43. What is d(13)?
-30
Let g(s) = -2259*s - 5. Give g(0).
-5
Let h(u) = -u**3 + 30*u**2 - 29*u - 66. Calculate h(29).
-66
Let y(l) = -88*l - 302. What is y(-4)?
50
Let w(b) = -17*b**2 + 195*b - 85. Calculate w(11).
3
Let c(v) = v**3 - 6*v**2 - 15*v - 8. Calculate c(7).
-64
Let v(q) = -5*q**3 + 447*q**2 + 269*q + 100. Determine v(90).
10
Let o(w) = w**3 + 21*w**2 + 30*w + 66. Give o(-19).
218
Let j(f) = f**3 + 9*f**2 + 17*f + 137. Determine j(-7).
116
Let d(z) = 284*z - 1492. What is d(5)?
-72
Let p(x) = -x**3 - 42*x**2 - 37*x + 184. Determine p(-41).
20
Let v(g) = 3*g**2 - 54*g - 32. Determine v(17).
-83
Let o(a) = 240*a + 62. Give o(0).
62
Let p(n) = 3*n**2 - 276*n + 810. Give p(89).
9
Let w(r) = -8*r**2 - 56*r + 12. Give w(-4).
108
Let b(g) = 4*g**2 + 115*g - 1802. Determine b(-40).
-2
Let l(o) = 542*o**2 - 3247*o - 19. Calculate l(6).
11
Let c(q) = 11*q + 973. Give c(-84).
49
Let k(m) = -3*m**3 - 33*m**2 + 78*m + 7. Calculate k(-11).
-851
Let l(a) = a**3 - 4*a**2 - 17*a - 1. Calculate l(8).
119
Let j(f) = 60*f - 1067. Calculate j(18).
13
Let o(r) = 2*r**2 - 94*r + 972. Calculate o(36).
180
Let s(j) = -3030*j - 18151. Give s(-6).
29
Let z(l) = 6474*l + 38839. Give z(-6).
-5
Let a(k) = 12*k**2 - 570*k + 292. Give a(47).
10
Let v(o) = 2*o**2 + 5897*o - 41380. What is v(7)?
-3
Let z(w) = -w**2 + 10*w + 24015. Determine z(160).
15
Let b(o) = -47*o - 409. What is b(-8)?
-33
Let y(z) = -2*z**3 - 31*z**2 - 16*z - 10. Calculate y(-15).
5
Let c(t) = -514*t - 598. Calculate c(-1).
-84
Let h(s) = -6*s**2 + 551*s + 1260. Give h(94).
38
Let t(q) = -252*q + 217. Determine t(1).
-35
Let l(t) = -t**3 - 29*t**2 - 57*t + 133. Give l(-27).
214
Let h(t) = -t**3 - 29*t**2 + 24*t - 175. What is h(-30)?
5
Let z(q) = -363*q - 3999. Calculate z(-11).
-6
Let v(t) = t**3 - 38*t**2 - 727*t - 61. Determine v(52).
-9
Let g(v) = 8*v**3 + 155*v**2 + 57*v + 20. Determine g(-19).
20
Let r(s) = 7*s**2 - 34*s + 44. Calculate r(2).
4
Let i(a) = -116*a + 1411. What is i(12)?
19
Let v(o) = o**2 - 1292*o + 5170. Give v(4).
18
Let s(p) = -3*p**2 + 304*p - 103. What is s(101)?
-2
Let b(j) = -5*j**2 - 36*j + 18. Calculate b(-3).
81
Let p(l) = -24*l - 1410. Calculate p(-59).
6
Let h(u) = -u**3 - 23*u**2 - 108*u + 102. Determine h(-8).
6
Let t(r) = -569*r - 109246. Calculate t(-192).
2
Let q(l) = l**2 - 273*l + 8336. Determine q(35).
6
Let f(a) = -a**2 + 87*a - 1338. Determine f(20).
2
Let z(l) = 2*l**2 + 162*l - 1225. Give z(7).
7
Let g(s) = -239*s - 4056. Determine g(-17).
7
Let g(w) = -w**3 - 6*w**2 + 286*w + 126. Determine g(-20).
6
Let v(f) = -12403*f + 161242. Calculate v(13).
3
Let l(f) = f**2 + 143*f + 4310. What is l(-41)?
128
Let n(v) = 187*v**2 - v + 3. Calculate n(1).
189
Let y(a) = 6*a - 114. Determine y(38).
114
Let k(b) = -4*b**3 + b**2 - 4*b - 9. Determine k(-3).
120
Let a(r) = 3*r**3 + 11*r**2 + 49*r + 139. What is a(-6)?
-407
Let s(y) = y**2 - 807. What is s(28)?
-23
Let x(k) = -37*k + 4927. Calculate x(133).
6
Let n(c) = -c**2 - 63*c - 996. Give n(-33).
-6
Let m(f) = -f**3 + 73*f**2 - 472*f + 669. Determine m(66).
9
Let i(v) = -221*v - 425. Determine i(-2).
17
Let r(c) = 11*c + 81. Give r(31).
422
Let w(l) = 656*l + 2620. Give w(-4).
-4
Let c(v) = -v**3 - 2*v**2 + 48*v + 63. Give c(-8).
63
Let x(n) = -7*n**3 + 33*n**2 - n + 46. Determine x(5).
-9
Let g(a) = a**3 - 47*a**2 - 53*a + 298. Calculate g(48).
58
Let a(k) = -501*k - 5505. Calculate a(-11).
6
Let d(a) = 199*a - 946. Calculate d(4).
-150
Let i(j) = 6*j - 598. Give i(101).
8
Let m(i) = 2*i**3 - 24*i**2 - 41*i + 496. Give m(12).
4
Let v(l) = 3*l**2 + 7*l - 11. Give v(-3).
-5
Let c(d) = 146*d - 870. Calculate c(6).
6
Let y(r) = 43*r + 293. Give y(-7).
-8
Let d(y) = y**2 + 216*y + 1981. Determine d(-9).
118
Let g(v) = 396*v + 3975. Calculate g(-10).
15
Let a(h) = h**2 - 31*h - 295. Calculate a(46).
395
Let n(k) = -6*k**3 + 3*k**2 - 14*k + 7. Give n(3).
-170
Let q(x) = x**2 + 8*x - 89. What is q(0)?
-89
Let k(t) = -2*t**2 + 309*t - 4671. Give k(17).
4
Let d(t) = -136*t - 17544. Give d(-129).
0
Let d(r) = -2*r**2 + 40*r - 93. Give d(6).
75
Let l(q) = -34*q - 400. Give l(-5).
-230
Let n(t) = -268*t + 1873. Give n(7).
-3
Let g(f) = -f**3 + 51*f**2 + 48*f + 193. What is g(52)?
-15
Let w(u) = 234*u - 7473. Give w(32).
15
Let h(w) = -203*w + 1789. Give h(8).
165
Let g(i) = -260*i**2 - 4*i - 3. What is g(-1)?
-259
Let r(v) = 3*v**3 - 44*v**2 + 14*v + 64. Give r(13).
-599
Let f(m) = 8309*m - 24921. Give f(3).
6
Let j(w) = -566*w - 4517. Calculate j(-8).
11
Let h(n) = 1882*n - 22552. Determine h(12).
32
Let b(v) = v**2 + 33*v + 138. Calculate b(-33).
138
Let i(y) = 276*y + 2